git of v?
4
Suppose -2*m - 88 - 22 = -4*t, 4*m = -3*t + 66. What is the tens digit of t?
2
Let s be (-2 + -3)*12/(-15). Let m(h) = -h**3 + 5*h**2 - 2. What is the units digit of m(s)?
4
What is the tens digit of 0 + 39 + (7 - 11)?
3
Let n = 69 + -44. What is the tens digit of n?
2
Let n(m) = 2*m + 1. Suppose 2 = 2*z - 0. What is the units digit of n(z)?
3
Suppose 87 = 3*y - 3*r, -19 = 3*y - r - 114. What is the units digit of y?
3
Suppose 0 = 3*d + 2*d + 5. Let v be 1/(d/(-2)) + 4. Suppose -5*s + v + 4 = 0. What is the units digit of s?
2
Let i = -4 - -4. Suppose i = -6*g + 4*g + 2. What is the units digit of g?
1
Let b(x) = 14*x**2 - 3*x + 5. What is the units digit of b(2)?
5
Suppose 2 = 2*b + r, 4*b = -b + 3*r - 17. Let l be 0/b + -3 + 1. What is the units digit of (3 + -4)/(l/6)?
3
What is the tens digit of (-1)/(1*(-3)/198)?
6
What is the units digit of (-20)/80 + (-85)/(-4)?
1
Let d = -1 - -11. Let r = -7 + d. What is the units digit of r?
3
Suppose 0 = -3*a + 5*q + 63, a + q = -2*q + 35. What is the tens digit of a?
2
Let z(r) = r**2 + 3*r - 7. Let w be z(-3). Let g(t) = t**2 + 5*t - 3. What is the units digit of g(w)?
1
Suppose 0*x - 3*x - l = -5, 4*x - 5*l + 6 = 0. Suppose -x + 8 = f. What is the units digit of f?
7
Let z(v) = -v**3 + 7*v**2 + v. Let s be 22 - 1/((-1)/1). Suppose -4*c + 5 = -s. What is the units digit of z(c)?
7
Suppose 6 = 4*t - t. Let d = 4 - 7. Let y = t - d. What is the units digit of y?
5
Let b be 10/2 + -1 + 0. Suppose 2*v + 8 = b*v. What is the units digit of v?
4
Suppose 3*z = -a - 2*a + 3, -19 = -4*z + a. Suppose 7*f - z*f - 24 = 0. What is the units digit of f?
8
Let z be (0/(-3))/((-2)/1). Suppose 3*p + y - 19 - 22 = z, -p = 4*y - 32. What is the tens digit of p?
1
Let j(c) = c**3 - 4*c**2 - 4*c - 3. Let o be j(5). Suppose -f = o*f - 39. What is the tens digit of f?
1
Let a(m) = -3*m**3 - m - 1. Let s be a(2). Let r = s + 42. What is the units digit of (-2)/(-7) - r/(-21)?
1
Let z(v) = -v + 7. Let s be z(7). Suppose 2*l + 2*l - 96 = s. What is the units digit of l?
4
Let s(v) = v**3 + 5*v**2 + 2*v + 5. Let m be (13/(-2) + 0)*2. Let u = 9 + m. What is the tens digit of s(u)?
1
Let z(t) = 12*t**2 + t + 3*t**2 + 14*t**2. Let v be z(-1). Suppose 0 = -4*c - 4 + v. What is the units digit of c?
6
Suppose -770 = -5*q - 5*a, -413 = -4*q - 5*a + 202. What is the units digit of q?
5
Suppose -3*q + 5 + 4 = 0. Suppose 4*t + 2 = -3*v, 4*t = -q*v + t. Let a = v - 0. What is the units digit of a?
2
Suppose y + 1 - 2 = 0. Let f = y + 22. What is the tens digit of f?
2
Let f(k) = -2*k + 1. Let j(y) = 1. Let v(h) = 2*f(h) - 6*j(h). Let w(x) = -5*x - 3. Let t(u) = 3*v(u) - 2*w(u). What is the units digit of t(-5)?
4
What is the tens digit of 24/60 - 123/(-5)?
2
Suppose -3*d = -c + 108, -78 - 65 = -c - 4*d. What is the units digit of c?
3
Let z = -2 - -7. Let t be z/4 - 4/16. What is the units digit of (4 - t) + -2 + 3?
4
Suppose 0 = 2*b - 4*s + 20, 3*b + 2*s + 0 - 2 = 0. Let w(v) = -v**3 - v**2 - v - 1. What is the units digit of w(b)?
5
Let x = -27 - -92. What is the units digit of x?
5
Let x(k) = 5 - 2 + 0*k**2 - 17*k + 13*k + 8*k**2. What is the tens digit of x(2)?
2
What is the tens digit of 138/207*((-928)/(-2) + 1)?
1
Suppose 2*z = -3*g + 317, 2*g - 850 = -5*z + 6*g. What is the hundreds digit of z?
1
Let j(u) = -u**3 - 7*u**2 - 4*u - 10. What is the units digit of j(-8)?
6
Suppose -5*f + 210 = m, 2*m + m = f + 566. What is the units digit of m?
0
Suppose -c - 24 = 3*p, -5*p = 2*c - 4*c + 7. Suppose -10*i + 14*i + 52 = 0. Let y = c - i. What is the units digit of y?
4
Let h(a) = 3*a**2 + 5*a + 330. What is the tens digit of h(0)?
3
Suppose 22*a - 27*a + 1150 = 0. What is the units digit of a?
0
What is the tens digit of -14*6*4/(-14)?
2
Suppose -3*d + 25 = 2*d. Suppose 10 = -5*o - d*v, o - 11 = 3*o - 5*v. What is the tens digit of (-4)/(-6) + (-37)/o?
1
Let r(h) = -11*h - 13. What is the units digit of r(-3)?
0
Suppose -12 = -0*i - 6*i. Let x(h) = -4*h**2 - h + 1. Let y be x(1). What is the units digit of (2 - (i - -1))*y?
4
Suppose -3*o = 2*o - 940. Suppose -o + 44 = -4*q. What is the tens digit of q?
3
Let c be 16/(1 - 3)*-1. Let t = c - 8. Suppose t*u - 5*l = -3*u + 22, -u - 2 = 3*l. What is the units digit of u?
4
Suppose 4*f - 6 = 2*f. Let p = 14 + f. What is the units digit of p?
7
Suppose 28 = -5*w - 42. What is the units digit of 18/4 - 7/w?
5
Let j(d) be the third derivative of d**5/30 - d**4/24 - d**3/6 + d**2. What is the units digit of j(2)?
5
What is the units digit of ((-1)/5*4)/(5/(-525))?
4
Let d be 2/(-3) - 24/(-36). What is the tens digit of (d/4 - -8) + 2?
1
Let s(w) = w - 5. Let u be s(8). Let t(i) = i - 1. What is the units digit of t(u)?
2
Let c = -203 + 351. What is the tens digit of c?
4
Suppose 5*c + 0*c + 40 = 0. What is the tens digit of (-2)/c + (-426)/(-24)?
1
Let w = 174 + -252. What is the units digit of (-1)/(-5) - w/10?
8
Suppose 2 = k - p, 2*k + 5*p + 4 + 6 = 0. Suppose 7 = a - k. What is the units digit of 2*(-6 + 3 + a)?
8
Suppose 2*x = -2*h + 5*x + 258, 0 = -h + 3*x + 123. Suppose -j = 2*j - h. What is the units digit of j?
5
What is the tens digit of ((1308/8)/3)/(1/2)?
0
Let j(a) = a**2 + 3. What is the tens digit of j(-12)?
4
Suppose r - 2*g = -8, 2*r - 5*g + 20 + 0 = 0. Suppose r*k = -4*k + 104. What is the tens digit of k?
2
Let a(x) = -2*x + 1. Let m be a(-10). Let c = -13 + m. What is the units digit of c?
8
Suppose 11 = 5*z - 4. Suppose 0 = z*w + w - 16. What is the units digit of w?
4
Suppose 0 = 4*y - 115 - 537. What is the units digit of y?
3
Let h(z) = -z**3 + 7*z**2 - 7*z + 8. Let x be h(6). Suppose -x*g + d + 11 = -12, -2*g + 27 = 3*d. Suppose -2*p - g = -5*p. What is the units digit of p?
4
Let j(q) = q**3 + 11*q**2 + 7*q + 1. Let s(h) = h - 5. Let z be s(-5). What is the units digit of j(z)?
1
Let c(a) = a**3 + 7*a**2 + 4*a + 5. What is the tens digit of c(-6)?
1
Suppose 5*y - 2*y = -9, -5*q + 27 = -4*y. Suppose 2*d + 2 = 3*n - 0, -12 = -3*d - q*n. Suppose -v = d*v, l - 9 = -5*v. What is the units digit of l?
9
Let x(v) = 75*v**3 + v - 1. What is the tens digit of x(1)?
7
Suppose 0*b + 4*b = 0. Let s be (-2*1)/(1 - b). Let m(l) = -3*l + 2. What is the units digit of m(s)?
8
Let p = 7 + -4. Let h = -68 + 113. Suppose 0 = -5*i - x + h, 2*x - x - 27 = -p*i. What is the units digit of i?
9
Let o(m) = 3*m**3 - 4*m**2 + m**3 - 2*m - 5*m**3 - 5. Let k be o(-4). Let s(l) = -l**2 + 2*l + 4. What is the units digit of s(k)?
1
Suppose -3*j = 5 + 1. Let d(f) = -f - 2. Let c be d(j). Suppose 6*p - p + 25 = 4*z, -3*z - 2*p + 13 = c. What is the units digit of z?
5
Suppose -63 = 4*w + 17. What is the units digit of (-2)/(-10) - 356/w?
8
Suppose 3*h - 4*h + 1 = 0. Let p(c) = 10*c - 6. Let g(o) = 9*o - 5. Let k(r) = 6*g(r) - 5*p(r). What is the units digit of k(h)?
4
Let p = -3 + 9. Suppose p = -o + 21. What is the tens digit of o?
1
Let u be (-9 - -4)*2*1. What is the tens digit of 3/(-6)*2*u?
1
What is the tens digit of (1855/(-70))/((-1)/10)?
6
Let o(u) = -u**2 + 25*u + 50. What is the tens digit of o(18)?
7
Let h(t) = -t**2 - 11*t + 15. Suppose 0 = -2*a - 24. What is the units digit of h(a)?
3
Let n = 225 - -72. What is the hundreds digit of n?
2
Suppose 3*x + 238 = -5*h, -8*x + 230 = -5*h - 3*x. Let k = 78 + h. Suppose -2*q - u + k = 0, 0*q - 41 = -2*q - 3*u. What is the tens digit of q?
1
Let j = 7 - 6. What is the units digit of j?
1
Suppose -3*d + 0*d + 18 = 0. Suppose r - p - 24 + 9 = 0, d = r + 2*p. What is the tens digit of r?
1
Suppose 0 = -c, 3*g + 3*c - 15 = 4*c. Suppose m = 4*x - 24, 4*m - 44 = -x - 3*x. Suppose 5*t - 40 = -g*z, 2*z + 33 = 5*t - x. What is the units digit of t?
8
Suppose 3*s - 4*f - 59 = 0, 5*f = 4*s - 9*s + 110. Suppose -3*u = -s - 24. What is the units digit of u?
5
Let x = 9 + -4. Suppose w + 0*w - x = 0. What is the units digit of (w - -3)*1*2?
6
Suppose x = 6*x - 145. What is the units digit of x?
9
Let p be 6/(-4)*(-8)/1. Let k be (-6)/8 + 45/p. Suppose -k*b + 2*b = -1. What is the units digit of b?
1
Suppose 2*x = -3*x + 115. What is the tens digit of x?
2
Let s(f) = -f**2 + 3. Let x(c) = -c**3 + 5*c**2 - 5*c + 1. Let p be x(4). Let d be s(p). Let z(i) = -i**3 - 5*i**2 + 6*i + 7. What is the units digit of z(d)?
7
Let q(t) = 23*t**2 + t. Let